 152. What is the units digit of h?
5
Let i(z) = 4*z**2 + 20*z + 7. What is the units digit of i(-5)?
7
Let a = -3077 + 4513. What is the thousands digit of a?
1
Let v = 2455 + -1712. What is the hundreds digit of v?
7
Suppose -w + 127 = -3*y, -w + y + 74 = -49. Suppose -w*r - 632 = -125*r. What is the hundreds digit of r?
1
Let m = 17 - -32. Let j = m - 12. What is the units digit of j?
7
Let w(s) = s**3 + 11*s**2 + 14*s + 7. Let c be w(-10). Let m(g) = g - 4. Let p be m(-6). Let r = p - c. What is the tens digit of r?
2
Let k = -8 - -15. Let r(b) be the first derivative of b**2/2 + b + 1. What is the units digit of r(k)?
8
Let d be 1402/(-14) - (-9)/63. Let r = -13 - d. Let y = r + -59. What is the units digit of y?
8
Suppose 1242 = 4*k + 3*s, 5*k - s + 292 = 1854. What is the units digit of k?
2
Let w = -207 + 360. What is the tens digit of (-7 + 5)*2/2 + w?
5
Suppose 2*k - 14 = -8. Suppose k*p - 6 - 6 = 0. What is the units digit of p?
4
Suppose 0 = -7*h + 11185 + 3823. What is the units digit of h?
4
Let v = -30 + 455. What is the hundreds digit of v?
4
Let y(r) = -4 - 2 - r - 1 + 3. Let x be y(-8). Suppose 0 = 2*g + 12 - 2, -4*g - 148 = -x*l. What is the units digit of l?
2
Let g be (6/(-15))/(3/(-15)). Suppose 40 = 3*o - 2*h, -g*o - 3*h + h = -40. Let m = 0 + o. What is the units digit of m?
6
Let h be 4/30*-3*-5. Let r = -264 - -264. Suppose 5*p - 39 = -r*p + h*q, 0 = 4*p + 2*q - 24. What is the units digit of p?
7
Suppose -21 + 81 = -b. What is the units digit of (48/9)/(1*(-8)/b)?
0
Let h = -1 + 5. Suppose -3*l + 42 = 4*j, 7*l - 3*l + h*j - 60 = 0. What is the tens digit of l?
1
Let o(n) be the first derivative of 13*n**2/2 - 22*n - 13. What is the units digit of o(10)?
8
Let j be (-4)/(-3) - (50/(-15))/5. What is the units digit of j/3*(-1 - 69/(-6))?
7
Let v = -424 + 429. Let j = -52 - -106. Suppose -67 - j = -2*x + v*q, 370 = 5*x + q. What is the tens digit of x?
7
Let f = 204 - 116. Let p = -25 + f. What is the units digit of p?
3
Let w = 30 + -146. Let m be 18/135 - w/30. Suppose 4*v + i = m*i + 107, -3*v - 5*i = -44. What is the units digit of v?
3
Suppose 12*s - 100 + 796 = 0. Suppose 5*u - 617 = -132. Let g = s + u. What is the tens digit of g?
3
Let n be (41/3)/((-5)/(-15)). Suppose -q + n = -93. What is the units digit of q?
4
Let r(y) = y**2 - 33*y + 185. What is the tens digit of r(43)?
1
Let b(t) = -332*t + 299. What is the thousands digit of b(-11)?
3
What is the hundreds digit of (-1880)/12*(-45)/25?
2
Let l = 2 + -5. Suppose 15 + 1 = 4*x. What is the units digit of (l/(-6))/(1/x)?
2
Let y be (42/28)/((-3)/(-8)). What is the units digit of (10/(-2) + y)/(2/(-284))?
2
What is the thousands digit of (-4)/58 + 81869/29?
2
Let k(l) = -l**2 + l - 1. Let g(i) = i**3 - 19*i**2 + 3*i + 7. Let h(y) = g(y) - 4*k(y). Let d be h(15). Let v(f) = -13*f + 5. What is the units digit of v(d)?
7
Let z(f) = 372*f - 460. What is the hundreds digit of z(6)?
7
Let u = 15 - 13. Suppose 3*t = -u*t + 25. Suppose -t*x = -c - 213, 2*c - 108 - 68 = -4*x. What is the tens digit of x?
4
Let w = 137 + -123. Suppose 0 = w*x - 16*x + 598. What is the units digit of x?
9
Suppose -2*w - 23 = 7. Let g = 28 + w. Let d(m) = m**3 - 13*m**2 + 6*m - 11. What is the units digit of d(g)?
7
Suppose 2*a + 34 = 10. Let d(w) = -14*w - 22. What is the hundreds digit of d(a)?
1
Let p(n) = -n**3 - 6*n**2 + 2*n + 14. Let g be p(-6). Suppose 2*h = -g*d + 10 + 48, -5*h = 4*d - 113. What is the units digit of d?
2
Let b(w) = w - 10. Let d be b(-8). Let q = d + 76. What is the tens digit of q?
5
Suppose 4*s - 2*k - 2416 = 2*k, -2*s = k - 1214. What is the units digit of s?
6
Suppose 3*c + 222 = 5*c. Suppose 0 = -v + 1, 3*p - 3*v - c = -0*p. Suppose -n + p = n. What is the tens digit of n?
1
Let a be -15*(-2 + 24/15). Suppose 5*m + k - a = 85, 0 = 3*m + 2*k - 56. What is the units digit of m?
8
Suppose -19 = -5*d - 5*x + 1, -d + 2*x + 7 = 0. Suppose 3*h = 4*w - 2*w - 329, -835 = -5*w + d*h. What is the hundreds digit of w?
1
Suppose -16*n - 57 = -19*n. What is the tens digit of n?
1
Let b be (-2 - 102)*(-3)/6. Let m = -38 + b. What is the units digit of m?
4
Suppose 4*p - 44 = -p + 3*s, -2*p - 5*s = -30. Suppose -p*r + 204 = -446. What is the units digit of r?
5
What is the hundreds digit of (-6)/(-30)*-2*(-1 + -409)?
1
Let z = 48 + 1. Suppose -z = k - 137. Suppose -7*n = -11*n + k. What is the units digit of n?
2
Let y be 0 - (2 + (-8)/2). Suppose -n + 3*g = -63, -7*n - y*g = -6*n - 43. What is the tens digit of n?
5
Let f be (1 - 3)*(-5)/20*6. What is the tens digit of 3 + (f - 4) + 49?
5
Let r(y) = 104*y + 169. What is the hundreds digit of r(24)?
6
What is the units digit of (-44 - 26)*((-1)/(-2) - 1)?
5
What is the tens digit of 156 + 0 - (62 + -64)?
5
Suppose -3*f - 4*b + 7 = -0*b, -f - 1 = 3*b. Suppose 3*o - 2*z - 31 - 21 = 0, 70 = f*o + 5*z. Suppose d - o = -d. What is the units digit of d?
8
Suppose 0 = -9*a + 8*a + 576. What is the units digit of a?
6
Suppose 5 = -q + 3. Let x be (12/15)/(q/(-20)). Let y = x - -1. What is the units digit of y?
9
Suppose 5 = 5*q - 2*q - 4*p, 5*p + 15 = 5*q. Suppose g + q = 2*v, -v - 3*v + 5*g + 11 = 0. What is the units digit of (0 - 1)*(-28)/v?
7
Let s(g) be the second derivative of -g**4/12 - 11*g**3/3 + g**2/2 - 39*g. What is the tens digit of s(-19)?
5
Let v(b) = -69*b + 12. What is the tens digit of v(-3)?
1
Suppose -4 = -3*c + 2*t, 4*c - t - 4 = 2*t. Suppose -8*v + 256 = -c*v. What is the units digit of v?
4
Let t = 377 + -80. Suppose -5*z = -2*z - t. What is the units digit of z?
9
Let c = 53 - -368. What is the hundreds digit of c?
4
Let v be ((-2)/(-8))/((-18)/(-144)). Suppose -v*s - 43 = -145. What is the tens digit of s?
5
Suppose 7*q = -9*q + 48. Suppose -20 = -0*r - r + 5*s, q*r = -4*s + 3. What is the units digit of r?
5
Let a(m) be the first derivative of 7*m**2/2 - 20*m - 2. Suppose -27 = 35*g - 38*g. What is the tens digit of a(g)?
4
Let b(j) = -j**3 + 11*j**2 + 33*j - 8. What is the units digit of b(9)?
1
Let v be (-13830)/(-18) + (-3)/9. Suppose -208 = 4*u + v. What is the tens digit of ((-9)/(-6))/((-6)/u)?
6
Let d(h) = 12*h - 5. Let t be d(4). Suppose -4*a = 5*p - 49 - 230, p - t = -4*a. What is the units digit of p?
9
Let x(c) = -c - 1. Let z be x(-3). Let d(m) = -7*m**z + 6*m**2 - 2*m**2 + 1 + m + 2*m**2. What is the units digit of d(0)?
1
Suppose 4*q + 26 = 6*q. Let a = q - 13. Suppose -2*i - 6 = -a*p - 2*p, -2*i = 4*p. What is the units digit of p?
1
Let v be 9/(-12) - 4518/(-8). Suppose 4*b - 5*w = v, -4*w = -3*w. What is the tens digit of b?
4
What is the units digit of 16/(-28) - (-10 - 34367/7)?
9
Suppose 5*a - 2*a = 2250. What is the hundreds digit of a?
7
Let f be ((-21)/(-12))/(2/(-8)). Let d(b) = 4*b**3 - 20 + 2*b**2 - 4*b - b**2 - 3*b**3 + 21 + 6*b**2. What is the units digit of d(f)?
9
Let k(x) = 11*x**3 + 10*x**2 - 23*x + 2. Let p(g) = 7*g**3 + 7*g**2 - 15*g + 1. Let d(r) = -5*k(r) + 8*p(r). What is the tens digit of d(-5)?
4
Let d(p) = -p**2 + 13*p + 5. Let z be d(13). Suppose -5*g - 15 = 0, 5*w = 2*w - z*g + 282. What is the tens digit of w?
9
Suppose -q = -583 + 237. What is the tens digit of q?
4
Let u = -10 + 19. Let z = u + -6. What is the tens digit of (5/z - 2)*-60?
2
Suppose 0 = -5*c + f + 4085, -5*c - 3*f = -7*f - 4100. Suppose 2*t - c = -2*t. What is the units digit of t?
4
Let w(i) = 5*i**2 - i - 3. Let v be w(3). Let b = v - 27. Let x(n) = 2*n - 9. What is the units digit of x(b)?
5
Suppose -v = 4*p - 31, -3*p + 5*v + 29 = -0*p. What is the units digit of p?
8
Suppose -2*h = 2*s - 18, -3*h = s - 0*h - 17. Suppose s*d = 4*d - 1, -3*d = -3*f + 15. Suppose 47 = -f*n + 243. What is the tens digit of n?
4
Let l be (-2 - -2)/(4 + -2). Suppose -5*y + l*u = -u - 19, -5*u + 9 = y. What is the tens digit of ((-4)/(-2))/(y/118)?
5
Let b = 230 + -77. Suppose -3*z + 3*q = -189, -3*z + 4*q = -b - 31. What is the units digit of z?
8
Let d = 161 + -167. Let y = 25 + -50. Let p = d - y. What is the tens digit of p?
1
Suppose 0 = 3*j - 15 + 9. What is the units digit of ((-8)/4)/j*-7?
7
Let d be 10/(-3)*(-531)/(-6). Let f = -2131 - d. What is the tens digit of (1/2)/((-17)/f)?
5
Suppose -2*s + 0*y + 2*y = 0, -s - 3*y + 20 = 0. Suppose -7 = s*a + 8. What is the units digit of (1/a)/1*-12?
4
Suppos